 1860 + 661. Is h a composite number?
False
Let u be 2454*1*(-1)/(-2). Let t = u + -424. Suppose 0 = 5*y - t + 158. Is y a prime number?
False
Let b be (-36)/8*(-8)/9. Let i = b + 485. Is i a prime number?
False
Suppose 0 = -3*l + 252 + 21201. Is l composite?
False
Let g = 17 + -12. Suppose -g*y + 2*y = -2877. Is y composite?
True
Let b = 714 + -198. Suppose -4*d = 4*g - 516, -g + 3*d = 3*g - b. Is g prime?
False
Suppose 3*p + 4*l + 11 = 0, 4 = -2*p - 3*l - 3. Let u be (356/6)/(p/15). Let k = 383 + u. Is k prime?
False
Let q = -103 - -203. Let b = -41 + q. Is b a composite number?
False
Let q = 86606 - 43707. Is q composite?
False
Let g = 4028 - 159. Is g a prime number?
False
Let x(g) = 668*g - 75. Is x(11) prime?
False
Suppose 0 = -o + 461 + 690. Is o composite?
False
Suppose -4*x + 26753 = b - 3241, -3*x + 22503 = -3*b. Is x a prime number?
True
Suppose 2*k - 464 = -90. Suppose 6 = -3*v, -v - 7 = -4*o + k. Is -1*(o/(-1) + -3) prime?
False
Let s = 1098 - 611. Is s prime?
True
Let w = -12 - -16. Let r(s) = -2*s**2 + 7*s - 1. Let d be r(3). Suppose w*n - 1298 = d*n. Is n composite?
True
Let f(y) = -y**3 + 6*y**2 - y + 11. Let n(t) = 3*t**3 - 17*t**2 + 2*t - 33. Let w(q) = 8*f(q) + 3*n(q). Is w(12) a composite number?
True
Let x = 43 + -38. Is 1 - (-478 + x/5) a composite number?
True
Let z be 2/4*(8 - 8). Suppose -5*f + 25 + 0 = z. Suppose 0 = f*u + 945 - 2890. Is u prime?
True
Suppose 5*y + 1154 = 32209. Is y prime?
True
Let s = -26 + 29. Suppose -s*k + 2*k = 5*g - 286, 4*g + 331 = k. Is k composite?
False
Suppose 100 = -0*n + 5*n. Let k = 16 - n. Is 1888/12 - k/6 composite?
True
Suppose 0 = r - c - 10053, -3*r + 30167 = 144*c - 143*c. Is r a prime number?
False
Let u = 370 - 201. Is u a prime number?
False
Let m be (-8)/(-52) - (-804)/13. Suppose 0 = 4*p + 3*t - 212, -p - 3*t - 9 + m = 0. Is p a composite number?
False
Let m = 160 + 179. Suppose 3*t = -4*y + m, -5*y + 5*t - 145 = -595. Is y a prime number?
False
Suppose 25*i = 23*i - 10, 3*g - 2*i - 8827 = 0. Is g a composite number?
False
Suppose 0 = 3*t - 17 - 7. Let n(k) = k**3 - 7*k**2 + 6*k + 1. Is n(t) prime?
True
Suppose -28 = -2*p - 4*k, -2*p = -0*k + 5*k - 31. Suppose p*i - 4*i = -3*s + 4, 5*s + 3 = 3*i. Suppose 2*l + s*l - 822 = 0. Is l a prime number?
False
Suppose 3*p = 5*p + 18. Let w = -6 - p. Let h(r) = 3*r**3 - 4*r**2 + 4*r + 2. Is h(w) composite?
False
Let b(y) = -91*y**3 - y**2 - 2*y - 1. Let q be ((2 - 27) + 0)*-1. Let v be 16/(-10) + 15/q. Is b(v) a composite number?
True
Let q be (-1)/((-2)/(-28)) + 0. Is (q/8)/((10/104)/(-5)) prime?
False
Let l = -1066 - -667. Let g = l + 1322. Is g prime?
False
Suppose 4*x = -4*m - 28, -5*x + m = -2*x + 17. Is (-2763)/6*x/9 prime?
True
Suppose -997024 + 285662 = -37*w. Is w a prime number?
False
Let l(s) = 174*s**3 + s**2 + 2*s - 2. Let d be l(1). Let b = d + -48. Is b a composite number?
False
Suppose -c - 2*w + 3607 = 0, -4*c + 3329 = -5*w - 11125. Is c prime?
False
Let t(s) = 150*s**3 - s**2 - 2*s + 4. Is t(3) prime?
False
Suppose 3*s + 4 - 40 = 0. Is 0 + ((-69)/s)/((-1)/148) composite?
True
Let c(m) = 23*m**3 - 11*m**2 - 14*m - 42. Is c(10) composite?
True
Is (-6)/(-15) - (-8463)/5 a composite number?
False
Let l(w) = 7*w**2 + 3*w + 1. Let d(x) = -x**2 + x - 1. Let t(z) = -2*d(z) + l(z). Let c be t(3). Suppose 76 = 5*i + 4*u - c, -4*i - u = -126. Is i prime?
True
Suppose 3*g + 0*h + h + 2 = 0, 4*h = -5*g - 1. Is (204 - 21) + g/((-1)/2) a composite number?
True
Suppose 2*z - 28255 = -v + 4*v, 14108 = z + 5*v. Is z a prime number?
False
Let u(k) = -35*k**3 - 5*k**2 + k - 7. Let p be ((-8)/(-6))/((-15)/45). Is u(p) a composite number?
True
Let c(t) = 120*t**2 + 18*t + 7. Is c(-7) a prime number?
False
Let v = 270 + -40. Let r = v + -39. Is r composite?
False
Suppose 2*f + h - 4107 = 5533, 0 = 4*f - 5*h - 19308. Is f prime?
False
Let y(r) = -30*r + 1. Let c be y(-21). Let h = c - -928. Is h a composite number?
False
Suppose -2*v - 6 = -20. Let f = v - -562. Let l = f - 276. Is l a composite number?
False
Suppose -3*j + 2 + 7 = 0. Suppose -j = 3*x, -x - x = 4*c - 3866. Let m = c + -168. Is m prime?
False
Let r(b) = b + 29. Let s be r(-14). Is s/(150/(-4220))*(-2)/4 prime?
True
Let y = 193 + -3496. Let o(v) = 17*v**3 - 3*v**2 + 13*v - 7. Let r be o(-5). Let z = r - y. Is z prime?
True
Suppose 20*v = 16*v + 16. Suppose -v*r - 380 + 3120 = 0. Is r a prime number?
False
Suppose 0 = -7*a + 5*a - 20. Let i(n) = -n**3 - 7*n**2 - 9*n - 10. Let j be i(a). Suppose t + 3*t - j = 0. Is t a prime number?
False
Let d(q) = -213*q - 5. Is d(-12) prime?
True
Let k = 9 + -6. Suppose 0 = 5*i - 5*q - 6435, -3*i - k*q + 1087 + 2762 = 0. Is i a composite number?
True
Let q(h) = h**2 + 7*h. Let r be q(-7). Suppose -k = 5*o - r*k - 25, -3*k = 2*o + 3. Suppose o*u - 5*u - 194 = 0. Is u prime?
False
Suppose 8*r - 60560 + 14328 = 0. Is r composite?
False
Is -4*1666359/144*(-4)/3 a prime number?
True
Let c(z) = -4*z**3 - 8*z**2 - 5*z + 12. Suppose -4*p = -12, 0 = -3*f - 3*p + p + 15. Suppose 0 = 5*a + 28 - f. Is c(a) prime?
True
Let k = -8352 + 17131. Is k a composite number?
False
Suppose 2*k - 5279 = -3*k - p, -5287 = -5*k - 3*p. Is k a composite number?
True
Let n = 6988 - -277909. Is n prime?
True
Let a = -2641 - -4483. Suppose a = 7*p - p. Is p a prime number?
True
Let i = -25 - -25. Suppose 1141 = 7*v - i*v. Is v a composite number?
False
Suppose 41*c - 181007 = -27093. Is c composite?
True
Is (-10)/((-40)/18876) - 1*-2 prime?
True
Let r be ((-2)/(-4))/(5/3460). Suppose q + j - 738 = 0, -q + 5*j + r = -404. Suppose 4*s - q = 1344. Is s a prime number?
True
Let a(p) = 145*p**2 + 2*p - 22. Is a(-5) a composite number?
False
Let l(w) = -32*w + 3. Suppose -12*y = -13*y + 13. Let t = 9 - y. Is l(t) prime?
True
Let s = 12 + -10. Suppose 2 + 10 = s*z. Suppose 0 = 4*j - z*j + 62. Is j prime?
True
Suppose 5*p = 4*r + 2429, 3*p - 472 - 988 = 5*r. Is p a composite number?
True
Let x(a) = a**3 + 12*a**2 + 23*a + 79. Is x(24) a prime number?
False
Let n = 31073 - 1950. Is n a composite number?
False
Suppose -5*p - 4*x + 26909 = 0, -6*x + 9*x = p - 5378. Is p a composite number?
False
Let j(s) = 919*s**2 - 9*s + 10. Is j(3) a composite number?
True
Let n = 1037 + 3717. Is n composite?
True
Let i(k) = -67*k**2 - 6*k + 4. Let m be i(-4). Is m/(-27)*2/4*3 prime?
False
Let g(s) = -187*s - 3. Let d be g(2). Let c = d - -543. Is c prime?
False
Suppose 115 = 6*j + 781. Let x = 8 - j. Is x composite?
True
Let y be -2 + (-179 - (-3 + -1)). Let b = y - -470. Is b composite?
False
Let s(d) be the second derivative of 5*d**4/6 - 3*d**3/2 + 7*d**2/2 + 13*d. Is s(-8) a composite number?
False
Let g(i) = i**2 + 2*i - 5. Let l be g(0). Is l/(-2)*(-332)/(-10) a prime number?
True
Let w = -5354 + 10374. Suppose -4*l - 4118 = -5*q + 937, 0 = -5*q - 3*l + w. Is q a prime number?
False
Let z(o) = -76*o**3 + o**2 - 3*o - 5. Let g = -8 + 6. Is z(g) a composite number?
False
Let b(i) = 4*i**2 + i. Let a be b(4). Suppose 7*m = a + 1073. Is m a prime number?
True
Let b be (6756 + 0 + 3)/((-6)/(-4)). Suppose 0 = 27*r - 21*r - b. Is r a composite number?
False
Let f(c) = -c**2 + 10*c - 13. Let u be f(7). Suppose 4*g = 5*y + 81, 2*g + y - 29 = u. Is g a composite number?
False
Let g = 14652 + -1871. Is g a composite number?
False
Let i(y) = 7*y**3 + 9*y**2 + 15*y - 126. Is i(25) prime?
True
Suppose 3*a + 114 = -138. Let u = a - -29. Let t = -4 - u. Is t a prime number?
False
Suppose -p - 2 = 8. Let r = p - -19. Let h(k) = k**2 - 4*k + 13. Is h(r) a composite number?
True
Let l = -542 + 2233. Is l a composite number?
True
Let v(g) = g - 72*g**3 + 10 + g**2 + 58*g**3 - 5. Is v(-3) a composite number?
False
Suppose -11605 - 6810 = -5*d. Is d composite?
True
Suppose -4*k + 5*b + 32933 = -k, 0 = 3*k + 5*b - 32953. Is k prime?
False
Let m(l) = 73*l - 6. Is m(5) a composite number?
False
Let d(o) = 40*o**2 - o - 39. Is d(14) a prime number?
False
Let f = -16177 + 28472. Is f a composite number?
True
Is 7*(2 - 36310/(-14)) composite?
False
Let m(w) = -350*w**3 + 7*w**2 + 3*w + 7. Is m(-3) a prime number?
True
Suppose -191 = -3*u + 4*o + 68, -o + 339 = 4*u. Let f = 255 - u. Let y = f - 39. Is y prime?
True
Suppose -1012 = 16*u - 3044. Is u prime?
True
Let f = 407 - -1521. Suppose -2*t - 5*c + 2095 = 0, 2